to base 12.
4948
1102 (base 3) to base 8
46
16731 (base 10) to base 14
6151
What is -253 (base 9) in base 13?
-132
What is 472 (base 9) in base 4?
12011
-2745 (base 8) to base 14
-79b
111001111000110 (base 2) to base 11
202a4
Convert -1310 (base 9) to base 10.
-981
Convert 100362 (base 7) to base 10.
16998
Convert -11 (base 6) to base 2.
-111
What is 423 (base 6) in base 10?
159
Convert 826 (base 9) to base 10.
672
Convert 9c41 (base 15) to base 16.
8170
Convert 4142 (base 8) to base 7.
6154
What is 2080 (base 16) in base 8?
20200
-15504 (base 8) to base 4
-1231010
What is -6747 (base 9) in base 3?
-20211121
10110100001 (base 2) to base 10
1441
What is 12398 (base 10) in base 9?
18005
What is -4568 (base 12) in base 13?
-3683
3134 (base 9) to base 15
a34
1000110011101100 (base 2) to base 12
18a64
Convert -210101 (base 3) to base 11.
-485
-2b94 (base 14) to base 15
-2484
Convert -3540 (base 6) to base 5.
-11402
What is -12211 (base 4) in base 3?
-120121
What is -16b53 (base 12) in base 9?
-48830
What is 32633 (base 7) in base 8?
20017
Convert -62d (base 16) to base 12.
-ab9
-100011110100100 (base 2) to base 10
-18340
204551 (base 6) to base 5
1013002
What is -10000010111 (base 2) in base 11?
-872
Convert 1b843 (base 12) to base 13.
1583a
What is 6545 (base 8) in base 4?
311211
-1433 (base 7) to base 14
-2c3
-17184 (base 9) to base 13
-54c4
What is -2437 (base 9) in base 10?
-1816
11001021 (base 4) to base 14
76c1
Convert 1011010110001 (base 2) to base 12.
3441
Convert -11023 (base 8) to base 14.
-1987
3400 (base 5) to base 6
2111
10111001010 (base 2) to base 12
a36
1238 (base 10) to base 2
10011010110
What is 1a61 (base 12) in base 10?
3241
-21 (base 16) to base 15
-23
-bb2 (base 12) to base 13
-a22
Convert 3207 (base 11) to base 3.
12211010
Convert -10125 (base 6) to base 7.
-3635
What is 20d (base 14) in base 4?
12111
-340121 (base 5) to base 3
-121100011
Convert -17a (base 16) to base 9.
-460
4212 (base 7) to base 10
1479
-1012011 (base 4) to base 11
-3408
What is 12120 (base 4) in base 3?
120010
Convert 15506 (base 7) to base 16.
110f
Convert 1024 (base 6) to base 5.
1412
-30120 (base 7) to base 3
-100222010
What is 605 (base 14) in base 15?
53b
What is 1001101 (base 3) in base 2?
1011111110
What is -3230 (base 6) in base 4?
-23202
-1310141 (base 5) to base 14
-94d9
What is -3857 (base 13) in base 9?
-11885
Convert -304413 (base 5) to base 16.
-26ff
What is -464 (base 7) in base 12?
-182
What is 4361 (base 13) in base 5?
244444
-101101001100010 (base 2) to base 16
-5a62
What is -132 (base 8) in base 4?
-1122
Convert -338 (base 13) to base 6.
-2322
a56 (base 15) to base 3
10012100
1b1 (base 15) to base 2
110000111
Convert 23343 (base 6) to base 7.
12561
What is 1a66 (base 13) in base 15?
129b
-67027 (base 8) to base 3
-1102122211
What is 12320 (base 4) in base 10?
440
Convert bb3 (base 13) to base 8.
3725
20011 (base 4) to base 16
205
Convert 20010122 (base 3) to base 11.
33a6
What is -1195 (base 15) in base 5?
-104430
What is -2184 (base 16) in base 9?
-12683
-120404 (base 5) to base 16
-117f
Convert -760 (base 12) to base 8.
-2070
Convert 1060 (base 7) to base 2.
110000001
-24c (base 15) to base 13
-312
What is 1c (base 15) in base 5?
102
What is -10031 (base 5) in base 12?
-455
What is -1532 (base 7) in base 11?
-506
What is -27147 (base 8) in base 15?
-37be
Convert -20223 (base 5) to base 9.
-1718
Convert -30233 (base 5) to base 4.
-132113
What is -22c (base 15) in base 16?
-1ec
What is 353 (base 13) in base 4?
20333
Convert -205e (base 16) to base 2.
-10000001011110
Convert 12221 (base 4) to base 9.
522
What is -6995 (base 14) in base 3?
-221011222
Convert -100101111011 (base 2) to base 3.
-10022220
Convert -13200 (base 4) to base 5.
-3410
What is 6d4 (base 14) in base 7?
3654
Convert -12211 (base 6) to base 3.
-2110221
What is -1675 (base 8) in base 16?
-3bd
What is 20210022 (base 3) in base 7?
20300
What is -1040 (base 5) in base 2?
-10010001
Convert 10220 (base 6) to base 13.
822
2301233 (base 4) to base 2
10110001101111
-1106 (base 7) to base 5
-3043
Convert -c32 (base 14) to base 11.
-1889
What is 1875 (base 13) in base 4?
320331
What is -1022222022 (base 3) in base 2?
-110011001110001
What is -1176 (base 8) in base 15?
-2c8
Convert 1101110101000 (base 2) to base 8.
15650
Convert 914 (base 10) to base 8.
1622
2244334 (base 5) to base 3
2001200111
Convert 30142 (base 5) to base 9.
2565
What is 142314 (base 6) in base 10?
13510
What is -2287 (base 15) in base 6?
-53531
-63136 (base 9) to base 11
-2933a
What is 2a7 (base 12) in base 6?
1531
What is -3a3 (base 13) in base 11?
-532
-2bc3 (base 14) to base 6
-100103
What is 1ba (base 12) in base 3?
101121
213443 (base 7) to base 11
26003
343131 (base 5) to base 8
30003
Convert -20304 (base 5) to base 2.
-10100110001
What is -140003 (base 6) in base 16?
-32a3
Convert 250 (base 14) to base 15.
20c
What is -2421312 (base 5) in base 4?
-23002113
-3120 (base 5) to base 16
-19a
Convert dbbe (base 16) to base 8.
155676
What is 66111 (base 8) in base 16?
6c49
508 (base 12) to base 2
1011011000
36c0 (base 14) to base 7
36630
203610 (base 7) to base 4
20202000
Convert -1235 (base 7) to base 8.
-723
22010112 (base 3) to base 8
13447
Convert 16008 (base 13) to base 4.
22030113
165 (base 12) to base 13
140
Convert -1303 (base 14) to base 16.
-d07
What is -5177 (base 12) in base 7?
-34606
543 (base 7) to base 4
10110
What is 28b (base 14) in base 8?
1003
Convert e50 (base 16) to base 9.
5021
-220012 (base 3) to base 6
-3005
Convert 5140 (base 7) to base 15.
7e7
Convert -112121 (base 5) to base 7.
-14524
1b4 (base 13) to base 9
381
What is -319 (base 10) in base 9?
-384
-10276 (base 15) to base 14
-14922
What is 1220101210 (base 3) in base 8?
111136
What is -7826 (base 10) in base 7?
-31550
3633 (base 9) to base 13
12cc
Convert -1340 (base 9) to base 13.
-5c7
Convert -1336 (base 7) to base 6.
-2221
What is 10000010010110011 (base 2) in base 12?
32757
What is -4416 (base 12) in base 6?
-54430
Convert -13534 (base 7) to base 10.
-3700
Convert -21742 (base 10) to base 8.
-52356
Convert -842 (base 14) to base 7.
-4512
Convert -12203 (base 4) to base 15.
-1ce
What is 101011010101 (base 2) in base 10?
2773
-110010100010 (base 2) to base 15
-e59
Convert 34114 (base 6) to base 13.
2251
Convert 1120a (base 12) to base 13.
a48c
3909 (base 13) to base 3
102010210
What is 28486 (base 10) in base 16?
6f46
Convert -2201020 (base 3) to base 15.
-8bc
Convert -33220 (base 4) to base 8.
-1750
What is -140635 (base 7) in base 3?
-1100200001
-1713 (base 11) to base 7
-6251
Convert -118 (base 16) to base 5.
-2110
-942 (base 10) to base 15
-42c
-17504 (base 10) to base 13
-7c76
18300 (base 9) to base 11
9548
What is 492 (base 12) in base 3?
221102
What is 1157 (base 15) in base 8?
7142
What is 145006 (base 7) in base 2?
110110111100100
Convert -2395 (base 14) to base 7.
-24045
What is 278a9 (base 11) in base 12?
1ab72
3552 (base 8) to base 15
868
-3303 (base 5) to base 15
-203
-444 (base 12) to base 6
-2524
What is -52a1 (base 11) in base 4?
-1231200
Convert 132 (base 8) to base 6.
230
42ab3 (base 12) to base 6
1515143
Convert -12690 (base 10) to base 15.
-3b60
-527 (base 12) to base 8
-1357
-270 (base 10) to base 4
-10032
104132 (base 6) to base 13
3c5c
Convert -135344 (base 8) to base 10.
-47844
Convert 43a3 (base 13) to base 15.
2bd8
Convert 3693 (base 11) to base 3.
20121120
What is -4224 (base 8) in base 14?
-b2c
What is -15a7 (base 11) in base 2?
-100000000101
Convert 100 (base 7) to base 5.
144
32032 (base 5) to base 4
201132
Convert 203033 (base 4) to base 5.
33010
Convert 2530 (base 7) to base 11.
796
What is -424 (base 7) in base 3?
-21221
123231 (base 5) to base 3
20121101
What is -12103003 (base 4) in base 16?
-64c3
-1234 (base 6) to base 15
-15a
-3aae (base 15) to base 4
-3003323
What is 673 (base 10) in base 4?
22201
What is 1241 (base 9) in base 2?
1110100000
What is -269 (base 11) in base 8?
-475
What is ba (base 16) in base 7?
354
Convert 1711 (base 10) to base 2.
11010101111
1203054 (base 6) to base 5
4003030
-110101111001000 (base 2) to base 10
-27592
What is -6573 (base 9) in base 12?
-2979
23 (base 6) to base 3
120
111101000100 (base 2) to base 7
14252
-ae70 (base 15) to base 6
-443153
What is -102